 highest common factor of 1357 and 47849.
59
Calculate the greatest common factor of 74 and 653938.
74
What is the highest common divisor of 1404 and 8710?
26
Calculate the greatest common factor of 997202 and 82.
82
Calculate the greatest common factor of 4286830 and 10.
10
Calculate the greatest common divisor of 102465 and 20240.
1265
Calculate the greatest common divisor of 21225 and 20625.
75
Calculate the highest common divisor of 3875 and 161625.
125
Calculate the highest common divisor of 803725 and 3575.
325
What is the highest common factor of 174087 and 115?
23
What is the highest common factor of 387486 and 399?
57
Calculate the greatest common factor of 805837 and 327.
109
Calculate the highest common factor of 3335 and 18560.
145
Calculate the greatest common factor of 2042136 and 12.
12
Calculate the highest common factor of 3300 and 1749.
33
What is the highest common divisor of 31350 and 690?
30
What is the highest common factor of 448 and 1330?
14
Calculate the highest common factor of 51828 and 406.
14
What is the highest common divisor of 4598 and 38?
38
Calculate the highest common factor of 351 and 5929443.
351
Calculate the greatest common divisor of 1342 and 69586.
22
What is the greatest common factor of 367 and 1374?
1
What is the highest common factor of 148650 and 30?
30
Calculate the highest common factor of 16786 and 28.
14
Calculate the highest common factor of 1159 and 45923.
19
What is the highest common factor of 86 and 5804914?
86
What is the highest common divisor of 1485171 and 1142?
571
What is the highest common factor of 33 and 401181?
33
Calculate the greatest common factor of 45 and 169227.
9
Calculate the highest common divisor of 21452 and 248.
124
What is the greatest common factor of 3105 and 37053?
207
Calculate the highest common divisor of 17 and 43163.
17
What is the highest common factor of 2274 and 54?
6
What is the greatest common factor of 1056 and 41250?
66
Calculate the highest common divisor of 84 and 867804.
84
What is the highest common factor of 1585 and 215?
5
Calculate the greatest common factor of 2488 and 24.
8
Calculate the greatest common divisor of 1121 and 27835.
19
Calculate the highest common divisor of 332 and 34279.
83
Calculate the greatest common divisor of 1443 and 1911.
39
What is the highest common divisor of 1307236 and 70?
14
What is the highest common divisor of 22008 and 420?
84
Calculate the highest common factor of 368 and 40940.
92
Calculate the greatest common factor of 860 and 246460.
20
What is the greatest common factor of 12 and 63978?
6
What is the greatest common factor of 248 and 47678?
62
What is the greatest common factor of 36 and 10359?
9
Calculate the highest common factor of 19838 and 224.
14
What is the highest common divisor of 125 and 88390?
5
Calculate the highest common factor of 45072 and 288.
144
What is the greatest common divisor of 376790 and 328?
82
What is the greatest common divisor of 102 and 6534?
6
Calculate the greatest common factor of 78 and 438.
6
What is the greatest common divisor of 58828 and 374?
22
Calculate the highest common factor of 198867 and 3624.
453
What is the greatest common factor of 4966 and 3822?
26
Calculate the highest common divisor of 3317 and 248.
31
Calculate the greatest common divisor of 14121 and 27.
27
Calculate the highest common divisor of 52 and 136708.
52
What is the greatest common factor of 78909 and 2001?
87
Calculate the highest common factor of 38654 and 176.
22
What is the greatest common divisor of 13832 and 380?
76
What is the greatest common factor of 387 and 162497?
43
What is the greatest common divisor of 99 and 407?
11
Calculate the highest common factor of 7361 and 544.
17
Calculate the greatest common divisor of 284512 and 34.
34
What is the highest common divisor of 179422 and 27734?
566
What is the greatest common divisor of 1001 and 1309?
77
Calculate the highest common factor of 4112150 and 758.
758
What is the greatest common divisor of 3973 and 1005032?
137
Calculate the greatest common factor of 600 and 1325.
25
Calculate the greatest common divisor of 335 and 113364.
67
Calculate the highest common divisor of 16458275 and 950.
475
What is the greatest common divisor of 84 and 2033868?
12
What is the highest common factor of 187 and 484670?
17
Calculate the highest common factor of 319512 and 104.
8
What is the highest common divisor of 9093 and 126?
21
What is the greatest common factor of 39 and 6981?
39
Calculate the highest common divisor of 1170841 and 476.
119
Calculate the greatest common factor of 2408 and 126592.
344
What is the highest common factor of 352 and 2092704?
32
Calculate the highest common factor of 15855 and 45.
15
What is the greatest common factor of 257 and 3054959?
257
Calculate the greatest common factor of 106361 and 47.
47
What is the highest common divisor of 282 and 1127248?
94
Calculate the highest common divisor of 22282 and 687314.
1714
What is the highest common divisor of 96 and 395664?
48
Calculate the greatest common divisor of 584000 and 2240.
320
Calculate the highest common factor of 417874 and 18758.
226
What is the highest common factor of 2460 and 4835130?
1230
What is the greatest common divisor of 481852 and 14?
14
Calculate the highest common factor of 6832 and 3472.
112
Calculate the highest common factor of 12790 and 430.
10
What is the highest common factor of 72125 and 6425?
25
What is the highest common factor of 210426 and 102?
102
Calculate the greatest common divisor of 3211 and 25519.
169
What is the greatest common divisor of 949837 and 203?
203
What is the highest common factor of 378 and 1407?
21
What is the highest common factor of 906 and 259720?
302
Calculate the highest common divisor of 2168 and 4790738.
542
What is the greatest common factor of 2055 and 16029?
411
What is the highest common divisor of 24 and 265116?
12
What is the highest common divisor of 100 and 852050?
50
Calculate the greatest common factor of 2016 and 4101552.
1008
What is the highest common divisor of 2076022 and 52?
26
What is the highest common divisor of 910 and 1278550?
910
What is the greatest common divisor of 30082 and 11392?
178
Calculate the highest common divisor of 217 and 382633.
31
What is the highest common factor of 148140 and 18?
18
What is the highest common divisor of 22300 and 150?
50
What is the highest common factor of 297708 and 36?
12
Calculate the highest common divisor of 2560 and 2460.
20
What is the highest common divisor of 3 and 43968?
3
What is the highest common factor of 377702 and 3358?
146
What is the highest common divisor of 45122 and 44?
22
Calculate the greatest common factor of 1276 and 2175.
29
Calculate the highest common divisor of 130496 and 320.
64
What is the greatest common factor of 168760 and 320?
40
Calculate the greatest common factor of 20 and 2033510.
10
What is the highest common factor of 4991 and 1301225?
713
Calculate the highest common divisor of 271632 and 96.
48
Calculate the highest common divisor of 1206466 and 164.
82
What is the greatest common factor of 1113 and 848?
53
Calculate the greatest common divisor of 243 and 43659.
81
What is the highest common divisor of 86 and 491146?
86
What is the greatest common factor of 1092 and 4524?
156
Calculate the greatest common divisor of 68138 and 15407.
217
What is the greatest common divisor of 252 and 1863512?
28
What is the greatest common factor of 894 and 2874?
6
Calculate the highest common divisor of 9605 and 877897.
1921
Calculate the greatest common divisor of 216 and 15543.
9
What is the greatest common divisor of 574057 and 23?
23
Calculate the greatest common divisor of 189 and 119421.
27
What is the highest common factor of 94 and 87749?
47
What is the greatest common divisor of 276 and 58356?
12
Calculate the greatest common factor of 1744957 and 37.
37
What is the highest common factor of 1474 and 158723?
67
What is the greatest common factor of 12 and 712?
4
Calculate the greatest common factor of 975 and 17615.
65
Calculate the highest common factor of 2341053 and 99.
99
Calculate the highest common factor of 152 and 426968.
152
What is the greatest common factor of 103241 and 799?
17
Calculate the highest commo